{"id":12,"date":"2023-10-11T07:39:21","date_gmt":"2023-10-11T07:39:21","guid":{"rendered":"https:\/\/michael-moser.info\/?page_id=12"},"modified":"2023-10-12T09:45:27","modified_gmt":"2023-10-12T09:45:27","slug":"welchen-herausforderungen-muessen-wir-uns-in-den-kommenden-jahren-stellen","status":"publish","type":"page","link":"https:\/\/michael-moser.info\/?page_id=12","title":{"rendered":"Welchen Herausforderungen m\u00fcssen wir uns in den kommenden Jahren stellen?"},"content":{"rendered":"\n<p>Ich m\u00f6chte die kommenden Tage und Wochen intensiv nutzen, um mit Ihnen ins Gespr\u00e4ch zu kommen. In diesen Gespr\u00e4chen habe ich das Ziel, ein noch besseres Bild davon zu erhalten, was uns alle in Seelbach, Wittelbach und Sch\u00f6nberg bewegt und am Herzen liegt.  Im Folgenden finden Sie Ziele bzw. Themenfelder, die ich bereits vorab ausgemacht habe.<\/p>\n\n\n\n<p><strong>Die Gemeinde muss als Arbeitgeber auch in Zukunft so attraktiv sein, dass unsere Mitarbeiterinnen und Mitarbeiter potenziell neuen Kollegen und Kolleginnen eine 100% Empfehlung geben, zuk\u00fcnftig auch bei uns zu arbeiten. <\/strong>Denn qualifiziertes Personal zu haben, ist heute schon ein entscheidender Erfolgsfaktor f\u00fcr jeden Arbeitgeber. Das gilt in der \u00f6ffentlichen Verwaltung wie auch f\u00fcr ein Unternehmen der Wirtschaft. In Seelbach nehmen wir die Auswirkungen des Fachkr\u00e4ftemangels schon an mindestens zwei Stellen wahr. Diesen Sommer waren wegen Personalmangels nur eingeschr\u00e4nkte \u00d6ffnungszeiten des Schwimmbads m\u00f6glich. Auff\u00e4llig sind auch die fehlenden Kita-Pl\u00e4tze, hier m\u00fcssen wir dringend f\u00fcr Abhilfe sorgen.<\/p>\n\n\n\n<figure class=\"wp-block-image size-large\"><img decoding=\"async\" loading=\"lazy\" width=\"1024\" height=\"303\" src=\"https:\/\/michael-moser.info\/wp-content\/uploads\/2023\/10\/ilu6-1024x303.jpg\" alt=\"\" class=\"wp-image-127\" srcset=\"https:\/\/michael-moser.info\/wp-content\/uploads\/2023\/10\/ilu6-1024x303.jpg 1024w, https:\/\/michael-moser.info\/wp-content\/uploads\/2023\/10\/ilu6-300x89.jpg 300w, https:\/\/michael-moser.info\/wp-content\/uploads\/2023\/10\/ilu6-768x227.jpg 768w, https:\/\/michael-moser.info\/wp-content\/uploads\/2023\/10\/ilu6-1536x454.jpg 1536w, https:\/\/michael-moser.info\/wp-content\/uploads\/2023\/10\/ilu6.jpg 1706w\" sizes=\"(max-width: 1024px) 100vw, 1024px\" \/><\/figure>\n\n\n\n<p>Leider gibt es auch wenig bis keine M\u00f6glichkeiten f\u00fcr junge Familien einen Bauplatz zubekommen. Das ist ein Grund f\u00fcr immer mehr Wegzug von jungen Familien. <strong>Ich m\u00f6chte aber die Menschen, die gerne in Seelbach bleiben wollen, auch zu 100% in Seelbach halten.<\/strong> Daf\u00fcr braucht es neben Baupl\u00e4tzen, Wohnungen und den beschriebenen Kita-Pl\u00e4tzen auch mehr Flexibilit\u00e4t im Bereich der Kinderbetreuung, eine konsequente Fortsetzung des Schulprojektes sowie Treffpunkte f\u00fcr junge Menschen auch au\u00dferhalb der Vereine. <\/p>\n\n\n\n<p><strong>Was f\u00fcr junge Menschen gilt, gilt auch zu 100% f\u00fcr die \u00e4ltere Generation<\/strong>. Die geburtenstarken Jahrg\u00e4nge stehen kurz vor dem Ruhestand. In Zukunft ausreichend M\u00f6glichkeiten f\u00fcr Betreuung und Pflege bereitzuhalten, wird eine Herausforderung \u2013 r\u00e4umlich wie personell.<\/p>\n\n\n\n<p><strong>Ich m\u00f6chte die Identifikation aller mit der Gemeinde st\u00e4rken. &#8222;100% Seelbach &#8211; Heimat, wie wir sie lieben&#8220;, das ist mein Leitmotiv.<\/strong> Die Verwaltung so zu gestalten, dass die allt\u00e4glichen Dinge f\u00fcr die B\u00fcrgerinnen und B\u00fcrger m\u00f6glichst einfach handzuhaben sind, muss der Anspruch unserer Verwaltung sein.<\/p>\n\n\n\n<p><strong>100% Unterst\u00fctzung der Vereine ist f\u00fcr mich ebenfalls ein besonderes Anliegen. <\/strong>Denn keine Verwaltung dieser Welt k\u00f6nnte ersetzen, was in den Vereinen geleistet wird. Verwaltung kann aber das Ehrenamt unterst\u00fctzen, nicht nur finanziell, sondern auch mit Rat und Tat. Vielleicht mit einer zentralen Vereinsgesch\u00e4ftsstelle im Rathaus, einer Ehrenamtsakademie oder einem j\u00e4hrlichen Ehrenamtspreis? Mir geht es darum, das Ehrenamt wertzusch\u00e4tzen und das Arbeiten im und um den Verein einfacher zu machen. Damit wir auch in Zukunft noch Vorst\u00e4nde finden, die f\u00fcr diese Arbeiten gerne zur Verf\u00fcgung stehen.<\/p>\n\n\n\n<p><strong>Unsere privaten und beruflichen Wege zu 100% komfortabel mit \u00f6ffentlichen Verkehrsmitteln erledigen zu k\u00f6nnen, w\u00e4re ein Traumziel.<\/strong> Das wird nicht von heute auf morgen m\u00f6glich sein. Aber es lohnt daf\u00fcr zu arbeiten und weitere M\u00f6glichkeiten im Bereich Mobilit\u00e4t zu schaffen und den \u00f6ffentlichen Nahverkehr attraktiver zu machen. F\u00fcr Pendler und Jugendliche, aber auch f\u00fcr die \u00e4ltere Generation.<\/p>\n\n\n\n<p><strong>Unsere Gewerbevielfalt braucht klare Unterst\u00fctzung aus dem Rathaus.<\/strong> Auch der Breitbandausbau und eine 100% regenerative W\u00e4rme- und Energieversorgung werden uns als Kommune in den n\u00e4chsten Jahren intensiv besch\u00e4ftigen. Denn Umwelt-, Natur- und Artenschutz sind zwingende Daseinsf\u00fcrsorge f\u00fcr kommende Generationen.<\/p>\n","protected":false},"excerpt":{"rendered":"<p>Ich m\u00f6chte die kommenden Tage und Wochen intensiv nutzen, um mit Ihnen ins Gespr\u00e4ch zu kommen. In diesen Gespr\u00e4chen habe ich das Ziel, ein noch besseres Bild davon zu erhalten, was uns alle in Seelbach, Wittelbach und Sch\u00f6nberg bewegt und am Herzen liegt. Im Folgenden finden Sie Ziele bzw. Themenfelder, die ich bereits vorab ausgemacht [&hellip;]<\/p>\n","protected":false},"author":1,"featured_media":0,"parent":0,"menu_order":0,"comment_status":"closed","ping_status":"closed","template":"","meta":{"footnotes":""},"_links":{"self":[{"href":"https:\/\/michael-moser.info\/index.php?rest_route=\/wp\/v2\/pages\/12"}],"collection":[{"href":"https:\/\/michael-moser.info\/index.php?rest_route=\/wp\/v2\/pages"}],"about":[{"href":"https:\/\/michael-moser.info\/index.php?rest_route=\/wp\/v2\/types\/page"}],"author":[{"embeddable":true,"href":"https:\/\/michael-moser.info\/index.php?rest_route=\/wp\/v2\/users\/1"}],"replies":[{"embeddable":true,"href":"https:\/\/michael-moser.info\/index.php?rest_route=%2Fwp%2Fv2%2Fcomments&post=12"}],"version-history":[{"count":6,"href":"https:\/\/michael-moser.info\/index.php?rest_route=\/wp\/v2\/pages\/12\/revisions"}],"predecessor-version":[{"id":128,"href":"https:\/\/michael-moser.info\/index.php?rest_route=\/wp\/v2\/pages\/12\/revisions\/128"}],"wp:attachment":[{"href":"https:\/\/michael-moser.info\/index.php?rest_route=%2Fwp%2Fv2%2Fmedia&parent=12"}],"curies":[{"name":"wp","href":"https:\/\/api.w.org\/{rel}","templated":true}]}}

Welchen Herausforderungen müssen wir uns in den kommenden Jahren stellen?

<p>Ich möchte die kommenden Tage und Wochen intensiv nutzen, um mit Ihnen ins Gespräch zu kommen. In diesen Gesprächen habe ich das Ziel, ein noch besseres Bild davon zu erhalten, was uns alle in Seelbach, Wittelbach und Schönberg bewegt und am Herzen liegt.  Im Folgenden finden Sie Ziele bzw. Themenfelder, die ich bereits vorab ausgemacht habe.</p>



<p><strong>Die Gemeinde muss als Arbeitgeber auch in Zukunft so attraktiv sein, dass unsere Mitarbeiterinnen und Mitarbeiter potenziell neuen Kollegen und Kolleginnen eine 100% Empfehlung geben, zukünftig auch bei uns zu arbeiten. </strong>Denn qualifiziertes Personal zu haben, ist heute schon ein entscheidender Erfolgsfaktor für jeden Arbeitgeber. Das gilt in der öffentlichen Verwaltung wie auch für ein Unternehmen der Wirtschaft. In Seelbach nehmen wir die Auswirkungen des Fachkräftemangels schon an mindestens zwei Stellen wahr. Diesen Sommer waren wegen Personalmangels nur eingeschränkte Öffnungszeiten des Schwimmbads möglich. Auffällig sind auch die fehlenden Kita-Plätze, hier müssen wir dringend für Abhilfe sorgen.</p>



<figure class="wp-block-image size-large"><img decoding="async" loading="lazy" width="1024" height="303" src="https://michael-moser.info/wp-content/uploads/2023/10/ilu6-1024x303.jpg" alt="" class="wp-image-127" srcset="https://michael-moser.info/wp-content/uploads/2023/10/ilu6-1024x303.jpg 1024w, https://michael-moser.info/wp-content/uploads/2023/10/ilu6-300x89.jpg 300w, https://michael-moser.info/wp-content/uploads/2023/10/ilu6-768x227.jpg 768w, https://michael-moser.info/wp-content/uploads/2023/10/ilu6-1536x454.jpg 1536w, https://michael-moser.info/wp-content/uploads/2023/10/ilu6.jpg 1706w" sizes="(max-width: 1024px) 100vw, 1024px" /></figure>



<p>Leider gibt es auch wenig bis keine Möglichkeiten für junge Familien einen Bauplatz zubekommen. Das ist ein Grund für immer mehr Wegzug von jungen Familien. <strong>Ich möchte aber die Menschen, die gerne in Seelbach bleiben wollen, auch zu 100% in Seelbach halten.</strong> Dafür braucht es neben Bauplätzen, Wohnungen und den beschriebenen Kita-Plätzen auch mehr Flexibilität im Bereich der Kinderbetreuung, eine konsequente Fortsetzung des Schulprojektes sowie Treffpunkte für junge Menschen auch außerhalb der Vereine. </p>



<p><strong>Was für junge Menschen gilt, gilt auch zu 100% für die ältere Generation</strong>. Die geburtenstarken Jahrgänge stehen kurz vor dem Ruhestand. In Zukunft ausreichend Möglichkeiten für Betreuung und Pflege bereitzuhalten, wird eine Herausforderung – räumlich wie personell.</p>



<p><strong>Ich möchte die Identifikation aller mit der Gemeinde stärken. &#8222;100% Seelbach &#8211; Heimat, wie wir sie lieben&#8220;, das ist mein Leitmotiv.</strong> Die Verwaltung so zu gestalten, dass die alltäglichen Dinge für die Bürgerinnen und Bürger möglichst einfach handzuhaben sind, muss der Anspruch unserer Verwaltung sein.</p>



<p><strong>100% Unterstützung der Vereine ist für mich ebenfalls ein besonderes Anliegen. </strong>Denn keine Verwaltung dieser Welt könnte ersetzen, was in den Vereinen geleistet wird. Verwaltung kann aber das Ehrenamt unterstützen, nicht nur finanziell, sondern auch mit Rat und Tat. Vielleicht mit einer zentralen Vereinsgeschäftsstelle im Rathaus, einer Ehrenamtsakademie oder einem jährlichen Ehrenamtspreis? Mir geht es darum, das Ehrenamt wertzuschätzen und das Arbeiten im und um den Verein einfacher zu machen. Damit wir auch in Zukunft noch Vorstände finden, die für diese Arbeiten gerne zur Verfügung stehen.</p>



<p><strong>Unsere privaten und beruflichen Wege zu 100% komfortabel mit öffentlichen Verkehrsmitteln erledigen zu können, wäre ein Traumziel.</strong> Das wird nicht von heute auf morgen möglich sein. Aber es lohnt dafür zu arbeiten und weitere Möglichkeiten im Bereich Mobilität zu schaffen und den öffentlichen Nahverkehr attraktiver zu machen. Für Pendler und Jugendliche, aber auch für die ältere Generation.</p>



<p><strong>Unsere Gewerbevielfalt braucht klare Unterstützung aus dem Rathaus.</strong> Auch der Breitbandausbau und eine 100% regenerative Wärme- und Energieversorgung werden uns als Kommune in den nächsten Jahren intensiv beschäftigen. Denn Umwelt-, Natur- und Artenschutz sind zwingende Daseinsfürsorge für kommende Generationen.</p>

<p>Ich möchte die kommenden Tage und Wochen intensiv nutzen, um mit Ihnen ins Gespräch zu kommen. In diesen Gesprächen habe ich das Ziel, ein noch besseres Bild davon zu erhalten, was uns alle in Seelbach, Wittelbach und Schönberg bewegt und am Herzen liegt. Im Folgenden finden Sie Ziele bzw. Themenfelder, die ich bereits vorab ausgemacht [&hellip;]</p>
