{"id":10,"date":"2023-10-11T07:33:27","date_gmt":"2023-10-11T07:33:27","guid":{"rendered":"https:\/\/michael-moser.info\/?page_id=10"},"modified":"2023-10-12T06:08:47","modified_gmt":"2023-10-12T06:08:47","slug":"meine-motivation-buergermeister-von-seelbach-zu-werden","status":"publish","type":"page","link":"https:\/\/michael-moser.info\/?page_id=10","title":{"rendered":"Meine Motivation, B\u00fcrgermeister von Seelbach zu werden"},"content":{"rendered":"\n<ul>\n<li>In Seelbach ist mir fast jeder Winkel bekannt. Meine Kindheit, Jugend und die heutige Zeit als Erwachsener sind untrennbar mit dem Ort und unserer Gemeinde verbunden.<\/li>\n\n\n\n<li>Als Seelbacher mit Leib und Seele w\u00e4re es f\u00fcr mich eine Ehre, die B\u00fcrgerinnen und B\u00fcrger sowie den Ort sowohl nach au\u00dfen als auch nach innen zu vertreten. Als st\u00e4ndiges Mitglied der Gemeinde sehe ich mich als idealen Vertreter aller B\u00fcrgerinnen und B\u00fcrger.<\/li>\n\n\n\n<li>Das Amt des B\u00fcrgermeisters w\u00fcrde es mir erm\u00f6glichen, die Entwicklung unserer Heimatgemeinde optimistisch, positiv und nachhaltig zu gestalten.<\/li>\n\n\n\n<li>Die Geschicke der Gemeinde zu lenken und entsprechend Verantwortung zu \u00fcbernehmen, w\u00e4re f\u00fcr mich nicht nur \u201eArbeit\u201c, sondern eine Lebensaufgabe.<\/li>\n<\/ul>\n\n\n\n<p><\/p>\n\n\n\n<figure class=\"wp-block-image size-large\"><img decoding=\"async\" loading=\"lazy\" width=\"1024\" height=\"683\" src=\"https:\/\/michael-moser.info\/wp-content\/uploads\/2023\/10\/FK7A2775-1024x683.jpg\" alt=\"\" class=\"wp-image-83\" srcset=\"https:\/\/michael-moser.info\/wp-content\/uploads\/2023\/10\/FK7A2775-1024x683.jpg 1024w, https:\/\/michael-moser.info\/wp-content\/uploads\/2023\/10\/FK7A2775-300x200.jpg 300w, https:\/\/michael-moser.info\/wp-content\/uploads\/2023\/10\/FK7A2775-768x512.jpg 768w, https:\/\/michael-moser.info\/wp-content\/uploads\/2023\/10\/FK7A2775-1536x1024.jpg 1536w, https:\/\/michael-moser.info\/wp-content\/uploads\/2023\/10\/FK7A2775-2048x1365.jpg 2048w\" sizes=\"(max-width: 1024px) 100vw, 1024px\" \/><\/figure>\n\n\n\n<p><\/p>\n\n\n\n<h3 class=\"wp-block-heading\">Das d\u00fcrfen Sie von mir erwarten<\/h3>\n\n\n\n<p>Als Bewerber mit Wirtschaftserfahrung bringe ich einen frischen und unvoreingenommenen Blick auf die Verwaltungsarbeit der Gemeinde mit. Ich sehe es als Vorteil, dass ich jahrelang Erfahrungen in verschiedenen Unternehmen und auch Branchen sammeln konnte. Durch diese tiefen, auch wirtschaftlichen Einblicke, habe ich nun die M\u00f6glichkeit, die Verwaltung aus anderen Blickwinkeln zu betrachten und gezielt \u2013 im Sinne einer Verbesserung und Modernisierung \u2013 zu hinterfragen.<\/p>\n","protected":false},"excerpt":{"rendered":"<p>Das d\u00fcrfen Sie von mir erwarten Als Bewerber mit Wirtschaftserfahrung bringe ich einen frischen und unvoreingenommenen Blick auf die Verwaltungsarbeit der Gemeinde mit. Ich sehe es als Vorteil, dass ich jahrelang Erfahrungen in verschiedenen Unternehmen und auch Branchen sammeln konnte. Durch diese tiefen, auch wirtschaftlichen Einblicke, habe ich nun die M\u00f6glichkeit, die Verwaltung aus anderen [&hellip;]<\/p>\n","protected":false},"author":1,"featured_media":0,"parent":0,"menu_order":0,"comment_status":"closed","ping_status":"closed","template":"","meta":{"footnotes":""},"_links":{"self":[{"href":"https:\/\/michael-moser.info\/index.php?rest_route=\/wp\/v2\/pages\/10"}],"collection":[{"href":"https:\/\/michael-moser.info\/index.php?rest_route=\/wp\/v2\/pages"}],"about":[{"href":"https:\/\/michael-moser.info\/index.php?rest_route=\/wp\/v2\/types\/page"}],"author":[{"embeddable":true,"href":"https:\/\/michael-moser.info\/index.php?rest_route=\/wp\/v2\/users\/1"}],"replies":[{"embeddable":true,"href":"https:\/\/michael-moser.info\/index.php?rest_route=%2Fwp%2Fv2%2Fcomments&post=10"}],"version-history":[{"count":5,"href":"https:\/\/michael-moser.info\/index.php?rest_route=\/wp\/v2\/pages\/10\/revisions"}],"predecessor-version":[{"id":117,"href":"https:\/\/michael-moser.info\/index.php?rest_route=\/wp\/v2\/pages\/10\/revisions\/117"}],"wp:attachment":[{"href":"https:\/\/michael-moser.info\/index.php?rest_route=%2Fwp%2Fv2%2Fmedia&parent=10"}],"curies":[{"name":"wp","href":"https:\/\/api.w.org\/{rel}","templated":true}]}}

Meine Motivation, Bürgermeister von Seelbach zu werden

<ul>
<li>In Seelbach ist mir fast jeder Winkel bekannt. Meine Kindheit, Jugend und die heutige Zeit als Erwachsener sind untrennbar mit dem Ort und unserer Gemeinde verbunden.</li>



<li>Als Seelbacher mit Leib und Seele wäre es für mich eine Ehre, die Bürgerinnen und Bürger sowie den Ort sowohl nach außen als auch nach innen zu vertreten. Als ständiges Mitglied der Gemeinde sehe ich mich als idealen Vertreter aller Bürgerinnen und Bürger.</li>



<li>Das Amt des Bürgermeisters würde es mir ermöglichen, die Entwicklung unserer Heimatgemeinde optimistisch, positiv und nachhaltig zu gestalten.</li>



<li>Die Geschicke der Gemeinde zu lenken und entsprechend Verantwortung zu übernehmen, wäre für mich nicht nur „Arbeit“, sondern eine Lebensaufgabe.</li>
</ul>



<p></p>



<figure class="wp-block-image size-large"><img decoding="async" loading="lazy" width="1024" height="683" src="https://michael-moser.info/wp-content/uploads/2023/10/FK7A2775-1024x683.jpg" alt="" class="wp-image-83" srcset="https://michael-moser.info/wp-content/uploads/2023/10/FK7A2775-1024x683.jpg 1024w, https://michael-moser.info/wp-content/uploads/2023/10/FK7A2775-300x200.jpg 300w, https://michael-moser.info/wp-content/uploads/2023/10/FK7A2775-768x512.jpg 768w, https://michael-moser.info/wp-content/uploads/2023/10/FK7A2775-1536x1024.jpg 1536w, https://michael-moser.info/wp-content/uploads/2023/10/FK7A2775-2048x1365.jpg 2048w" sizes="(max-width: 1024px) 100vw, 1024px" /></figure>



<p></p>



<h3 class="wp-block-heading">Das dürfen Sie von mir erwarten</h3>



<p>Als Bewerber mit Wirtschaftserfahrung bringe ich einen frischen und unvoreingenommenen Blick auf die Verwaltungsarbeit der Gemeinde mit. Ich sehe es als Vorteil, dass ich jahrelang Erfahrungen in verschiedenen Unternehmen und auch Branchen sammeln konnte. Durch diese tiefen, auch wirtschaftlichen Einblicke, habe ich nun die Möglichkeit, die Verwaltung aus anderen Blickwinkeln zu betrachten und gezielt – im Sinne einer Verbesserung und Modernisierung – zu hinterfragen.</p>

<p>Das dürfen Sie von mir erwarten Als Bewerber mit Wirtschaftserfahrung bringe ich einen frischen und unvoreingenommenen Blick auf die Verwaltungsarbeit der Gemeinde mit. Ich sehe es als Vorteil, dass ich jahrelang Erfahrungen in verschiedenen Unternehmen und auch Branchen sammeln konnte. Durch diese tiefen, auch wirtschaftlichen Einblicke, habe ich nun die Möglichkeit, die Verwaltung aus anderen [&hellip;]</p>
